 l**4/3 + 5*l**3/6 + 7*l**2/2 - 3*l. Suppose 0 = -5*r + 2*r - 15. What is b(r)?
7
Let y(w) = -3*w + 2. Let p be y(2). Let a be (-36)/48 - 2/8. Let h(u) = 3*u. Let g(c) = -c. Let x(l) = a*h(l) - 5*g(l). Calculate x(p).
-8
Suppose 0 = -d - d. Suppose d = 2*t + 3*t + 3*i + 29, -9 = 3*t - i. Let x(a) = -a**2 - 5*a + 1. What is x(t)?
5
Suppose -4*p + 4 = -2*n - 0*p, -3*n - 15 = 3*p. Let v(y) = -3*y - 5*y - y**3 + 6*y - 5*y**2. Calculate v(n).
-8
Let l be -1 + -7 + (-6 - -10). Let x(v) = 0 - 1 + 5 + 7*v + 2*v**2. Give x(l).
8
Let c(l) = -3*l + 7. Let b(n) = -1. Let s(r) = -3*b(r) - c(r). Calculate s(4).
8
Let f be (-7 + -2)*8/(-6). Suppose 0 = -0*i - 2*i + f. Let k(c) = -c**3 + 5*c**2 + 7*c - 5. Determine k(i).
1
Let n be -1 - (-6 + 0 + -1). Let v = -4 + n. Let p be (-3)/v*8/12. Let b(w) = -6*w**3 - w**2 + w + 1. What is b(p)?
5
Let l(r) = -r**3 - 5*r**2 - 4*r - 3. Let m = 12 + -14. What is l(m)?
-7
Let a(z) = -6*z**2 - 1. Let x = 5 - 4. Calculate a(x).
-7
Let w(g) = -g**2 + 4. Let p(b) = b**2 - 10*b + 10. Let j be p(10). Suppose -4*n + j = -2. Let d = 0 + n. What is w(d)?
-5
Suppose 4*p - 18 = -5*z, 3*p + 4*z = -p + 16. Suppose 0*g = -g. Suppose g = -4*a - 2 + 6, p*s - 4*a + 6 = 0. Let n(k) = -12*k**2 + k + 1. Determine n(s).
-12
Let c(t) = t**3 + 4*t**2 + 2*t + 5. Suppose 6*n - 8 = -32. Calculate c(n).
-3
Suppose 2*g - 7*g = 0. Let n(a) = -2*a**2 + a - 1 + g*a**2 + a**2. What is n(-2)?
-7
Let u(c) = -c**3 - 8*c**2 - c - 6. Let f be -2 + -6 + (1 - 1). Determine u(f).
2
Let l be ((-24)/9)/((-6)/9). Suppose l*k = 5 - 1. Let b(t) = -8*t**2 - 1. Determine b(k).
-9
Let c(h) = 0*h - 4*h - 20 + 10 + 3*h + h**3. Determine c(0).
-10
Let j(n) be the third derivative of n**5/60 + n**4/24 - n**3/6 - 12*n**2 - 2. Calculate j(-2).
1
Let c(n) be the second derivative of -n**6/120 - n**5/60 + n**4/24 - n**3/3 - 3*n**2/2 + n. Let g(h) be the first derivative of c(h). Determine g(-2).
0
Let m = -15 - -11. Let p = m + 4. Let a(c) = -2*c - c + p*c. What is a(-2)?
6
Let b(m) = -5*m**3 - 9*m**2 - 10*m + 3. Let s(o) = 14*o**3 + 26*o**2 + 29*o - 9. Let a(p) = -17*b(p) - 6*s(p). Calculate a(3).
-9
Let q(z) = -z**3 + 2*z**2 + 2*z - 1. Let u be 8/(-52) - 56/(-26). Let j be q(u). Let l(m) = m**2 - 4*m - 1. Calculate l(j).
-4
Let z(r) = 2*r**3 - 5*r**2 + 6*r - 6. Let j(c) = -2*c**3 + 4*c**2 - 5*c + 5. Let i(q) = -7*j(q) - 6*z(q). Give i(-2).
-5
Let g(c) be the first derivative of -c**6/120 - c**5/60 + c**4/24 - 5*c**3/6 + 7*c**2/2 + 5. Let f(l) be the second derivative of g(l). Determine f(0).
-5
Let x(c) be the first derivative of -c**4/4 + 2*c**3 - 5*c**2/2 - 4*c - 20. Calculate x(4).
8
Let v(s) be the second derivative of -s**3/6 + 9*s**2/2 + s. Let o be (0 + -2)*10/(-4). Give v(o).
4
Suppose -f - 3*f = -16. Let r(m) = 2*m**3 - 6*m**2 + 3*m + 2. Let b(j) = -j**3 + 3*j**2 - j - 1. Let i(h) = -9*b(h) - 4*r(h). Determine i(f).
5
Let h(d) be the second derivative of -d**3/3 + d**2/2 - d. Let c be (-2 + 6/2)*-5. Let p = -3 - c. Give h(p).
-3
Let t(i) be the third derivative of i**5/60 - i**4/3 + 5*i**3/6 + i**2. Let c(u) = 22*u**2 - 1. Let h be c(-1). Let a = h + -16. Calculate t(a).
-10
Let y(g) = 3*g - 6 + 4 + 6 - 2*g. Calculate y(0).
4
Let f(i) = -i**2 - i. Suppose -3*n = 5*t - 2*t, -2*n = -5*t - 7. Let v be 3*(t - 0)*-1. Determine f(v).
-12
Let j be 29/(-9) - (-4)/18. Let k be (-4 - -2 - j)/1. Let i(q) = 5*q + q - 3*q. Give i(k).
3
Let b(i) = -i**2 - 3*i + 3. Suppose 2*s + 20 = -0*s. Let q(l) = l + 7. Let d be q(s). Determine b(d).
3
Let h(b) = -b**2 - 9*b - 7. Suppose 5*q - 6 = r, 5*r - q = 3*q - 72. Let s = r - -10. Calculate h(s).
11
Let b(c) = 7*c**3 - 6*c**2 + 2*c - 8. Let k(o) = -o**3 + o**2 + 1. Let w(x) = b(x) + 6*k(x). Let y(d) = -d**2 - 4*d + 7. Let r be y(-5). What is w(r)?
10
Let z(k) be the first derivative of k**4/4 + k**3/3 + 3*k**2/2 + k + 13. Calculate z(-2).
-9
Let y(f) = 5*f + 4. Let r(u) = 11*u + 8. Let s(x) = -4*r(x) + 9*y(x). Let h(i) = i**3 - 5*i**2 - 4*i - 8. Let c be h(6). Let m be 12/8*c/(-2). Give s(m).
1
Let r(l) = 2*l - 7. Let c be r(5). Suppose -c*u = -5 + 14. Let k(y) = -5*y - y**2 - 2*y**2 - 4*y**2 + 6*y**2 - 2. Calculate k(u).
4
Let p = 1 - 2. Let o = p - 3. Let k(s) = 5*s - 3. Let t(b) = 2*b - 2. Let i(j) = 3*k(j) - 7*t(j). Determine i(o).
1
Suppose -62 = -5*x + 13. Let b(q) = q + 2*q**2 + q**2 + 13 - x + 0*q**2. Determine b(-2).
8
Suppose -d = 12 - 11. Let o(s) be the second derivative of 2*s + 0 + 1/2*s**2 + 1/6*s**3. Calculate o(d).
0
Let h be -1 - (-2 + 2) - -2. Let i(c) = -c - c**2 + h - 1. Give i(-3).
-6
Let f(g) = 7 + 5*g + g**2 - 6*g - 1. Let s = -2 - -1. Let d = s - -1. Determine f(d).
6
Suppose 4*b + b + 25 = 0. Let y(o) = o**2 + 5*o + 5. Let z be y(b). Let v(l) be the first derivative of l**3/3 - 2*l**2 - l + 2. Determine v(z).
4
Let m(f) = -f**3 - 5*f**2 + f - 2. Let v(h) = 2*h**3 + 10*h**2 - 3*h + 3. Let l(d) = -7*m(d) - 4*v(d). Suppose 0 = 10*w + 20*w + 180. Determine l(w).
8
Let m(u) = -u**2 - u + 1. Suppose -3 - 1 = -k. Suppose -18 = 3*n - 4*z, -2*z = 6*n - n + k. What is m(n)?
-1
Let q(r) = -5 + 3 - r - 8*r**2 + 3. Let y = 4 + -3. Give q(y).
-8
Let x(b) = -11*b**2 - 6*b + 7. Let z(p) = -23*p**2 - 13*p + 15. Let g(k) = 13*x(k) - 6*z(k). Let a = -6 - -4. Let h = a + 3. Give g(h).
-4
Let s(v) be the third derivative of -v**6/120 - v**5/10 - v**4/24 + 5*v**3/6 + 20*v**2. Give s(-6).
11
Let n(j) = -j - 2. Let y be 4/6 + 204/18. Let x = y - 15. What is n(x)?
1
Let q(y) = -y**3 - 2*y + 1. Let w(x) = x**3 + 2*x. Let g = -8 + 5. Let k(s) = g*q(s) - 2*w(s). Give k(2).
9
Suppose 11 = 3*y + 29. Let k(i) = i**2 + 4*i + 4. What is k(y)?
16
Let l(s) = -10*s - s**2 + 5*s - 3 - s + 3*s. Let p(z) = z**2 - z - 4. Let o be p(0). Determine l(o).
-7
Let i(b) = 2 + 5*b**2 + 2*b**2 + 5*b**2 - 4*b - 9*b**2. Give i(2).
6
Let w be 6/3 + 2 + -7. Let u(q) = q**3 + 2*q**2 - 4*q. Give u(w).
3
Let d(t) be the first derivative of t**3/3 + t**2/2 - 14*t - 47. Calculate d(0).
-14
Let n(m) be the second derivative of m**4/6 - m**3/6 - m. Suppose -5*a = -r - 26 - 7, -r - a - 3 = 0. Let q be (-1)/4 - 18/r. Calculate n(q).
6
Suppose 3*o + 5*f - 16 = 4*o, 4*o + 2*f - 24 = 0. Let w(d) be the third derivative of -d**6/120 + d**5/15 + d**3/6 + 2*d**2. Determine w(o).
1
Let a(d) = -4*d - 5 + 3*d**2 + 12 - 5. Let z be (-4)/(-14) + (-72)/(-42). Calculate a(z).
6
Let b(l) = l**2 + 7*l + 1. Let x be b(-8). Suppose -x = -5*v - 24. Let q(f) = -f - 2. Give q(v).
1
Let a(b) = -b**2 + b - 9. Let w(k) = k**3 + 4*k**2 + k + 2. Let r be w(-4). Let v be (-2 - r)/2 - 0. Give a(v).
-9
Let c(g) = 6*g. Suppose 0 = -3*b + 2*b. Suppose -r + 1 + 3 = b. Suppose -r*p = p - 5. What is c(p)?
6
Let p(x) be the first derivative of x**4/4 + x**3 - 2*x**2 - x + 2. Let y = 5 - 1. Let r be (-3)/y - (-39)/(-12). What is p(r)?
-1
Let f(b) = -b - 2 + 0 + b**3 - 3*b**2 + 0*b**3. Let m(r) = -2*r**2 - 26*r**3 + 28*r**3 + 0*r - 2*r. Let a be m(2). Calculate f(a).
10
Let u(r) be the first derivative of 2*r**2 + r + 1. Suppose -133 = -9*z - 124. Give u(z).
5
Let k(a) be the second derivative of a**5/20 + a**4/6 - a**3/6 - a**2/2 + 2*a. Let c be (1*3 - 0) + 0. Suppose -c + 0 = r. What is k(r)?
-7
Let m(t) = t**2 + 15*t + 23. Let k be m(-13). Let l(c) be the third derivative of -c**4/24 - c**3/6 + c**2. Give l(k).
2
Let x(m) = -m - 1. Let i(f) = -2*f - 9. Let u(w) = i(w) - 3*x(w). What is u(0)?
-6
Suppose -2*h = -4*d + 2*h - 20, 5*h - 25 = 0. Let u(x) = -3 - x**2 + 4 + x**3 + 6. Determine u(d).
7
Suppose 9 = 3*j - 18. Suppose 5*k - 2*r + j = 0, -3*k + 6*k = -4*r + 5. Let d(h) = -7*h**2 + h. Calculate d(k).
-8
Let o(a) = 0*a**2 + 15 + 3*a - a**2 - 14. Determine o(5).
-9
Let l(o) = -o**3 + 4*o**2 + 6*o - 6. Let z be 3/((-3)/2) + 14. Let p = -7 + z. Determine l(p).
-1
Let y(d) = -2*d - d + 1 - 2*d. Suppose -2*v + 2 = -4. Suppose x + v = 2. Calculate y(x).
6
Let a(d) = 0 - 6*d + 0. Let g(u) = -u**3 + 3*u**2 + 3*u - 11. Let y be g(2). Give a(y).
6
Suppose -4*j - 3*w - 5 = 0, -j + 2*j + 6 = 4*w. Let t = -5 - j. Let i = -1 + t. Let r(k) = -k**2 - 5*k + 3. Give r(i).
7
Let a(r) = -r. Let n = -20 + 25. What is a(n)?
-5
Let j(l) be the first derivative of 3*l**2/2 + 4*l - 23. Calculate j(-6).
-14
Let x = 1 - -1. Let r(a) = 2*a**x - a**2 + 0 + 1 - 2. What is r(0)?
-1
Suppose -4*i + 12 = 2*w, 2*i = w + w. Let f(u) 